 divide 203?
True
Does 109 divide 362?
False
Does 35 divide 12635?
True
Does 78 divide 114464?
False
Is 1188 a multiple of 66?
True
Is 27 a factor of 270?
True
Does 10 divide 47970?
True
Does 110 divide 6155?
False
Is 3 a factor of 29?
False
Is 207 a multiple of 69?
True
Does 13 divide 12038?
True
Is 98 a multiple of 33?
False
Is 51 a factor of 8033?
False
Does 74 divide 3345?
False
Is 304 a multiple of 38?
True
Does 32 divide 1440?
True
Does 17 divide 34850?
True
Is 32 a factor of 19872?
True
Is 323 a multiple of 55?
False
Is 8742 a multiple of 93?
True
Does 36 divide 57240?
True
Does 9 divide 153?
True
Is 27 a factor of 7776?
True
Is 138 a multiple of 3?
True
Is 59 a factor of 6937?
False
Is 10 a factor of 838?
False
Does 20 divide 40?
True
Does 17 divide 16082?
True
Does 20 divide 479?
False
Is 5508 a multiple of 18?
True
Is 23 a factor of 2825?
False
Does 62 divide 2946?
False
Is 3118 a multiple of 14?
False
Does 20 divide 3010?
False
Is 7 a factor of 714?
True
Is 25850 a multiple of 11?
True
Is 28680 a multiple of 30?
True
Is 5 a factor of 64742?
False
Is 2266 a multiple of 2?
True
Is 41 a factor of 2372?
False
Does 68 divide 1768?
True
Is 11 a factor of 63569?
True
Is 322 a multiple of 23?
True
Does 73 divide 1775?
False
Is 48996 a multiple of 123?
False
Does 4 divide 4936?
True
Does 10 divide 18647?
False
Is 101 a factor of 1010?
True
Is 22238 a multiple of 28?
False
Is 2852 a multiple of 92?
True
Is 22 a factor of 5676?
True
Is 36 a factor of 6408?
True
Is 65 a multiple of 7?
False
Is 1162 a multiple of 14?
True
Is 5506 a multiple of 7?
False
Is 13 a factor of 19344?
True
Is 21 a factor of 1044?
False
Is 2240 a multiple of 32?
True
Is 11730 a multiple of 30?
True
Is 416 a multiple of 52?
True
Is 29 a factor of 2755?
True
Is 47 a factor of 22777?
False
Does 73 divide 3194?
False
Does 116 divide 427?
False
Is 20040 a multiple of 40?
True
Does 11 divide 5863?
True
Is 2546 a multiple of 19?
True
Does 44 divide 824?
False
Is 40635 a multiple of 129?
True
Does 75 divide 20036?
False
Is 17 a factor of 12129?
False
Is 24 a factor of 9444?
False
Does 93 divide 10693?
False
Does 3 divide 4008?
True
Does 200 divide 33064?
False
Does 14 divide 3241?
False
Is 64 a factor of 448?
True
Is 120 a multiple of 4?
True
Is 12 a factor of 432?
True
Does 52 divide 94478?
False
Does 23 divide 2363?
False
Does 6 divide 970?
False
Does 12 divide 444?
True
Is 11844 a multiple of 6?
True
Is 146 a factor of 8790?
False
Is 71 a factor of 4047?
True
Is 15 a factor of 21780?
True
Is 300 a multiple of 20?
True
Is 58 a multiple of 40?
False
Is 2170 a multiple of 5?
True
Is 11 a factor of 297?
True
Is 33 a factor of 33825?
True
Is 3341 a multiple of 5?
False
Is 3 a factor of 603?
True
Does 13 divide 1729?
True
Is 5 a factor of 525?
True
Does 5 divide 3845?
True
Does 36 divide 2592?
True
Does 3 divide 86?
False
Is 8457 a multiple of 3?
True
Is 479 a multiple of 41?
False
Does 15 divide 1740?
True
Does 7 divide 3977?
False
Is 1580 a multiple of 23?
False
Is 55 a factor of 330?
True
Is 16284 a multiple of 138?
True
Does 14 divide 54166?
True
Is 277 a multiple of 34?
False
Is 104 a factor of 105644?
False
Does 2 divide 7867?
False
Is 680 a multiple of 8?
True
Is 5535 a multiple of 135?
True
Is 910 a multiple of 26?
True
Does 65 divide 26856?
False
Is 14 a factor of 415?
False
Is 31521 a multiple of 79?
True
Is 72 a multiple of 47?
False
Is 36 a factor of 43246?
False
Is 12 a factor of 32688?
True
Is 258 a factor of 26832?
True
Is 74 a factor of 12526?
False
Is 1455 a multiple of 7?
False
Is 5 a factor of 65?
True
Does 20 divide 23320?
True
Is 10 a factor of 1282?
False
Is 18610 a multiple of 55?
False
Is 27 a factor of 2447?
False
Does 13 divide 6581?
False
Is 50 a factor of 433?
False
Is 8 a factor of 3640?
True
Does 51 divide 896?
False
Does 9 divide 1062?
True
Does 67 divide 6240?
False
Is 390 a multiple of 130?
True
Is 720 a multiple of 13?
False
Is 33 a factor of 105930?
True
Does 23 divide 75624?
True
Is 14230 a multiple of 197?
False
Does 38 divide 9652?
True
Is 4 a factor of 7901?
False
Does 29 divide 1377?
False
Is 1508 a multiple of 26?
True
Does 3 divide 285?
True
Is 61 a factor of 25031?
False
Is 35631 a multiple of 9?
True
Is 10 a factor of 460?
True
Is 10176 a multiple of 60?
False
Is 80 a multiple of 8?
True
Is 112 a multiple of 10?
False
Is 2442 a multiple of 33?
True
Is 4618 a multiple of 30?
False
Is 149 a factor of 7301?
True
Does 7 divide 1309?
True
Is 998 a multiple of 31?
False
Does 3 divide 483?
True
Is 20580 a multiple of 42?
True
Does 14 divide 727?
False
Does 211 divide 9061?
False
Is 252 a multiple of 64?
False
Does 10 divide 17785?
False
Is 3 a factor of 94?
False
Is 8 a factor of 552?
True
Is 18247 a multiple of 257?
True
Is 5 a factor of 10?
True
Is 94 a factor of 1034?
True
Is 42 a factor of 43253?
False
Is 236 a factor of 27741?
False
Is 5 a factor of 445?
True
Is 11 a factor of 787?
False
Is 22238 a multiple of 74?
False
Is 3651 a multiple of 13?
False
Is 22559 a multiple of 122?
False
Is 1836 a multiple of 45?
False
Does 126 divide 1144?
False
Is 16 a factor of 27128?
False
Does 65 divide 7020?
True
Is 9316 a multiple of 108?
False
Is 20440 a multiple of 28?
True
Is 1339 a multiple of 13?
True
Is 25 a factor of 2734?
False
Is 5250 a multiple of 50?
True
Is 11 a factor of 1065?
False
Does 13 divide 6220?
False
Is 256 a factor of 21653?
False
Does 133 divide 11837?
True
Does 3 divide 2313?
True
Is 26 a factor of 28314?
True
Is 89496 a multiple of 12?
True
Does 77 divide 14221?
False
Is 2608 a multiple of 26?
False
Does 11 divide 759?
True
Is 30970 a multiple of 163?
True
Is 11 a factor of 1485?
True
Is 18609 a multiple of 11?
False
Does 303 divide 33027?
True
Does 57 divide 114?
True
Is 107 a factor of 12733?
True
Does 3 divide 192?
True
Does 17 divide 538?
False
Is 409 even?
False
Is 74 a factor of 4588?
True
Is 26 a factor of 3114?
False
Is 28 a factor of 916?
False
Is 5962 a multiple of 17?
False
Is 12 a factor of 16721?
False
Does 136 divide 9415?
False
Is 36548 a multiple of 97?
False
Does 33 divide 4159?
False
Is 3 a factor of 126?
True
Is 172 a factor of 14549?
False
Is 5 a factor of 65?
True
Is 11328 a multiple of 59?
True
Is 1106 a multiple of 30?
False
Is 60 a multiple of 5?
True
Is 61 a factor of 461?
False
Is 23 a factor of 34063?
True
Is 11 a factor of 1661?
True
Is 5254 a multiple of 17?
False
Is 33205 a multiple of 31?
False
Is 12435 a multiple of 192?
False
Does 11 divide 126?
False
Is 72 a factor of 153189?
False
Is 6 a factor of 10?
False
Does 22 divide 572?
True
Is 12236 a multiple of 2?
True
Does 20 divide 620?
True
Is 14 a factor of 1673?
False
Is 49 a factor of 147?
True
Does 52 divide 54548?
True
Is 109 a factor of 4934?
False
Does 15 divide 50492?
False
Is 21601 a multiple of 55?
False
Is 5 a factor of 10134?
False
Does 5 divide 2120?
True
Does 29 divide 1247?
True
Is 71 a factor of 32253?
False
Does 145 divide 14790?
True
Is 7 a factor of 157?
False
Does 9 divide 918?
True
Is 20970 a multiple of 30?
True
Is 6 a factor of 485?
False
Does 120 divide 2400?
True
Is 24 a factor of 192?
True
Is 176 a multiple of 12?
False
Does 134 divide 6164?
True
Is 42 a factor of 10706?
False
Does 50 divide 23900?
True
Does 48 divide 12864?
True
Does 14 divide 43232?
True
Is 5 a factor of 1204?
False
Does 9 divide 1485?
True
Is 9257 a multiple of 130?
False
Does 3 divide 372?
True
Does 8 divide 1992?
True
Is 10157 a multiple of 198?
False
Does 14 divide 952?
True
Does 17 divide 583?
False
Does 31 divide 2097?
False
Is 17 a factor of 13889?
True
Does 320 divide 20800?
True
Does 105 divide 945?
True
Is 23 a factor of 30774?
True
Is 1120 a multiple of 56?
True
Is 19 a factor of 25659?
False
Does 9 divide 711?
True
Is 6250 a multiple of 10?
True
Is 6 a factor of 3725?
False
Is 12 a factor of 972?
True
Is 10672 a multiple of 126?
False
Is 5 a factor of 26278?
False
Is 9343 a multiple of 64?
False
Is 18 a factor of 174?
False
Is 286 a multiple of 11?
True
Is 11 a factor of 3069?
True
Is 2250 a multiple of 250?
True
Is 2586 a multiple of 38?
False
Is 680 a multiple of 3?
False
Is 64591 a multiple of 350?
False
Is 11 a factor of 599?
False
Does 2 divide 319?
False
Is 26327 a multiple of 289?
False
Does 3 divide 34?
False
Is 25 a factor of 6